{"id":1271,"date":"2025-02-10T19:10:54","date_gmt":"2025-02-10T22:10:54","guid":{"rendered":"https:\/\/naturaljuice.com.ar\/njrn\/?page_id=1271"},"modified":"2025-02-11T03:11:49","modified_gmt":"2025-02-11T06:11:49","slug":"planta-industrial","status":"publish","type":"page","link":"https:\/\/naturaljuice.com.ar\/njrn\/?page_id=1271","title":{"rendered":"PLANTA INDUSTRIAL"},"content":{"rendered":"\t\t<div data-elementor-type=\"wp-page\" data-elementor-id=\"1271\" class=\"elementor elementor-1271\" data-elementor-post-type=\"page\">\n\t\t\t\t<div class=\"elementor-element elementor-element-b25347c e-flex e-con-boxed e-con e-parent\" data-id=\"b25347c\" data-element_type=\"container\" data-e-type=\"container\" data-settings=\"{&quot;background_background&quot;:&quot;classic&quot;}\">\n\t\t\t\t\t<div class=\"e-con-inner\">\n\t\t\t\t<div class=\"elementor-element elementor-element-e33763e elementor-widget-divider--view-line elementor-widget elementor-widget-divider\" data-id=\"e33763e\" data-element_type=\"widget\" data-e-type=\"widget\" data-widget_type=\"divider.default\">\n\t\t\t\t<div class=\"elementor-widget-container\">\n\t\t\t\t\t\t\t<div class=\"elementor-divider\">\n\t\t\t<span class=\"elementor-divider-separator\">\n\t\t\t\t\t\t<\/span>\n\t\t<\/div>\n\t\t\t\t\t\t<\/div>\n\t\t\t\t<\/div>\n\t\t<div class=\"elementor-element elementor-element-00f332a e-con-full e-flex e-con e-child\" data-id=\"00f332a\" data-element_type=\"container\" data-e-type=\"container\">\n\t\t\t\t<div class=\"elementor-element elementor-element-930888e elementor-widget elementor-widget-heading\" data-id=\"930888e\" data-element_type=\"widget\" data-e-type=\"widget\" data-widget_type=\"heading.default\">\n\t\t\t\t<div class=\"elementor-widget-container\">\n\t\t\t\t\t<h1 class=\"elementor-heading-title elementor-size-default\">PLANTA INDUSTRIAL<\/h1>\t\t\t\t<\/div>\n\t\t\t\t<\/div>\n\t\t\t\t<\/div>\n\t\t\t\t\t<\/div>\n\t\t\t\t<\/div>\n\t\t<div class=\"elementor-element elementor-element-5e42157 e-flex e-con-boxed e-con e-parent\" data-id=\"5e42157\" data-element_type=\"container\" data-e-type=\"container\">\n\t\t\t\t\t<div class=\"e-con-inner\">\n\t\t<div class=\"elementor-element elementor-element-f2e79a7 e-con-full e-flex e-con e-child\" data-id=\"f2e79a7\" data-element_type=\"container\" data-e-type=\"container\">\n\t\t\t\t<div class=\"elementor-element elementor-element-6b1b378 elementor-widget elementor-widget-text-editor\" data-id=\"6b1b378\" data-element_type=\"widget\" data-e-type=\"widget\" data-widget_type=\"text-editor.default\">\n\t\t\t\t<div class=\"elementor-widget-container\">\n\t\t\t\t\t\t\t\t\t<p>La planta industrial est\u00e1 ubicada en General Roca, cerca del r\u00edo Negro, donde cientos de fincas cubren el Alto Valle, formando un oasis en el desierto de la Patagonia.<\/p><p>La regi\u00f3n donde est\u00e1 ubicada la planta industrial se caracteriza por las apropiadas condiciones para la producci\u00f3n de manzanas y peras. Veranos largos, inviernos fr\u00edos, desierto de la Patagonia con una precipitaci\u00f3n anual de alrededor de 200 mm y un extenso sistema de canales de riego se combinan para crear las condiciones \u00f3ptimas para el cultivo de frutas de pepitas. El agua para riego proviene del deshielo de la cordillera de los Andes, y la sequedad de la zona mantiene los niveles de plagas al m\u00ednimo, con lo cual el uso de pesticidas es bajo.<\/p><p>El proceso de producci\u00f3n consiste en obtener de las peras y manzanas que no pueden comercializarse en el mercado fresco, jugos concentrados clarificados a 70\u00b0 brix que son utilizados por las principales empresas fabricantes de bebidas naturales del mundo. La planta industrial tiene una capacidad instalada de aproximadamente 800 toneladas de fruta diarias, que se utiliza al 100% en la temporada de cosecha (febrero-mayo), y en el resto del a\u00f1o procesando la fruta que se almacena en frigor\u00edficos de la zona, hasta el comienzo de la nueva cosecha.<\/p>\t\t\t\t\t\t\t\t<\/div>\n\t\t\t\t<\/div>\n\t\t\t\t<\/div>\n\t\t<div class=\"elementor-element elementor-element-619589f e-con-full e-flex e-con e-child\" data-id=\"619589f\" data-element_type=\"container\" data-e-type=\"container\">\n\t\t\t\t<div class=\"elementor-element elementor-element-42df0f9 elementor-widget elementor-widget-image\" data-id=\"42df0f9\" data-element_type=\"widget\" data-e-type=\"widget\" data-widget_type=\"image.default\">\n\t\t\t\t<div class=\"elementor-widget-container\">\n\t\t\t\t\t\t\t\t\t\t\t\t\t\t\t<img fetchpriority=\"high\" decoding=\"async\" width=\"681\" height=\"1024\" src=\"https:\/\/naturaljuice.com.ar\/njrn\/wp-content\/uploads\/2025\/02\/DSC_0088retoq-681x1024.jpg\" class=\"attachment-large size-large wp-image-1423\" alt=\"\" srcset=\"https:\/\/naturaljuice.com.ar\/njrn\/wp-content\/uploads\/2025\/02\/DSC_0088retoq-681x1024.jpg 681w, https:\/\/naturaljuice.com.ar\/njrn\/wp-content\/uploads\/2025\/02\/DSC_0088retoq-199x300.jpg 199w, https:\/\/naturaljuice.com.ar\/njrn\/wp-content\/uploads\/2025\/02\/DSC_0088retoq-768x1155.jpg 768w, https:\/\/naturaljuice.com.ar\/njrn\/wp-content\/uploads\/2025\/02\/DSC_0088retoq-1021x1536.jpg 1021w, https:\/\/naturaljuice.com.ar\/njrn\/wp-content\/uploads\/2025\/02\/DSC_0088retoq-1362x2048.jpg 1362w, https:\/\/naturaljuice.com.ar\/njrn\/wp-content\/uploads\/2025\/02\/DSC_0088retoq-scaled.jpg 1702w\" sizes=\"(max-width: 681px) 100vw, 681px\" \/>\t\t\t\t\t\t\t\t\t\t\t\t\t\t\t<\/div>\n\t\t\t\t<\/div>\n\t\t\t\t<\/div>\n\t\t\t\t\t<\/div>\n\t\t\t\t<\/div>\n\t\t\t\t<\/div>\n\t\t","protected":false},"excerpt":{"rendered":"<p>PLANTA INDUSTRIAL La planta industrial est\u00e1 ubicada en General Roca, cerca del r\u00edo Negro, donde cientos de fincas cubren el Alto Valle, formando un oasis en el desierto de la Patagonia. La regi\u00f3n donde est\u00e1 ubicada la planta industrial se caracteriza por las apropiadas condiciones para la producci\u00f3n de manzanas y peras. Veranos largos, inviernos [&hellip;]<\/p>\n","protected":false},"author":1,"featured_media":0,"parent":0,"menu_order":0,"comment_status":"closed","ping_status":"closed","template":"","meta":{"site-sidebar-layout":"no-sidebar","site-content-layout":"page-builder","ast-site-content-layout":"full-width-container","site-content-style":"default","site-sidebar-style":"default","ast-global-header-display":"","ast-banner-title-visibility":"","ast-main-header-display":"","ast-hfb-above-header-display":"","ast-hfb-below-header-display":"","ast-hfb-mobile-header-display":"","site-post-title":"disabled","ast-breadcrumbs-content":"","ast-featured-img":"disabled","footer-sml-layout":"","theme-transparent-header-meta":"","adv-header-id-meta":"","stick-header-meta":"","header-above-stick-meta":"","header-main-stick-meta":"","header-below-stick-meta":"","astra-migrate-meta-layouts":"set","ast-page-background-enabled":"default","ast-page-background-meta":{"desktop":{"background-color":"","background-image":"","background-repeat":"repeat","background-position":"center center","background-size":"auto","background-attachment":"scroll","background-type":"","background-media":"","overlay-type":"","overlay-color":"","overlay-opacity":"","overlay-gradient":""},"tablet":{"background-color":"","background-image":"","background-repeat":"repeat","background-position":"center center","background-size":"auto","background-attachment":"scroll","background-type":"","background-media":"","overlay-type":"","overlay-color":"","overlay-opacity":"","overlay-gradient":""},"mobile":{"background-color":"","background-image":"","background-repeat":"repeat","background-position":"center center","background-size":"auto","background-attachment":"scroll","background-type":"","background-media":"","overlay-type":"","overlay-color":"","overlay-opacity":"","overlay-gradient":""}},"ast-content-background-meta":{"desktop":{"background-color":"var(--ast-global-color-5)","background-image":"","background-repeat":"repeat","background-position":"center center","background-size":"auto","background-attachment":"scroll","background-type":"","background-media":"","overlay-type":"","overlay-color":"","overlay-opacity":"","overlay-gradient":""},"tablet":{"background-color":"var(--ast-global-color-5)","background-image":"","background-repeat":"repeat","background-position":"center center","background-size":"auto","background-attachment":"scroll","background-type":"","background-media":"","overlay-type":"","overlay-color":"","overlay-opacity":"","overlay-gradient":""},"mobile":{"background-color":"var(--ast-global-color-5)","background-image":"","background-repeat":"repeat","background-position":"center center","background-size":"auto","background-attachment":"scroll","background-type":"","background-media":"","overlay-type":"","overlay-color":"","overlay-opacity":"","overlay-gradient":""}},"footnotes":""},"class_list":["post-1271","page","type-page","status-publish","hentry"],"_links":{"self":[{"href":"https:\/\/naturaljuice.com.ar\/njrn\/index.php?rest_route=\/wp\/v2\/pages\/1271","targetHints":{"allow":["GET"]}}],"collection":[{"href":"https:\/\/naturaljuice.com.ar\/njrn\/index.php?rest_route=\/wp\/v2\/pages"}],"about":[{"href":"https:\/\/naturaljuice.com.ar\/njrn\/index.php?rest_route=\/wp\/v2\/types\/page"}],"author":[{"embeddable":true,"href":"https:\/\/naturaljuice.com.ar\/njrn\/index.php?rest_route=\/wp\/v2\/users\/1"}],"replies":[{"embeddable":true,"href":"https:\/\/naturaljuice.com.ar\/njrn\/index.php?rest_route=%2Fwp%2Fv2%2Fcomments&post=1271"}],"version-history":[{"count":20,"href":"https:\/\/naturaljuice.com.ar\/njrn\/index.php?rest_route=\/wp\/v2\/pages\/1271\/revisions"}],"predecessor-version":[{"id":1619,"href":"https:\/\/naturaljuice.com.ar\/njrn\/index.php?rest_route=\/wp\/v2\/pages\/1271\/revisions\/1619"}],"wp:attachment":[{"href":"https:\/\/naturaljuice.com.ar\/njrn\/index.php?rest_route=%2Fwp%2Fv2%2Fmedia&parent=1271"}],"curies":[{"name":"wp","href":"https:\/\/api.w.org\/{rel}","templated":true}]}}