{"id":1285,"date":"2025-02-10T19:31:52","date_gmt":"2025-02-10T22:31:52","guid":{"rendered":"https:\/\/naturaljuice.com.ar\/njrn\/?page_id=1285"},"modified":"2025-08-08T10:48:48","modified_gmt":"2025-08-08T13:48:48","slug":"productos","status":"publish","type":"page","link":"https:\/\/naturaljuice.com.ar\/njrn\/?page_id=1285","title":{"rendered":"PRODUCTOS"},"content":{"rendered":"\t\t<div data-elementor-type=\"wp-page\" data-elementor-id=\"1285\" class=\"elementor elementor-1285\" data-elementor-post-type=\"page\">\n\t\t\t\t<div class=\"elementor-element elementor-element-64f1325 e-flex e-con-boxed e-con e-parent\" data-id=\"64f1325\" data-element_type=\"container\" data-e-type=\"container\" data-settings=\"{&quot;background_background&quot;:&quot;classic&quot;}\">\n\t\t\t\t\t<div class=\"e-con-inner\">\n\t\t\t\t<div class=\"elementor-element elementor-element-33b33cb elementor-widget-divider--view-line elementor-widget elementor-widget-divider\" data-id=\"33b33cb\" data-element_type=\"widget\" data-e-type=\"widget\" data-widget_type=\"divider.default\">\n\t\t\t\t<div class=\"elementor-widget-container\">\n\t\t\t\t\t\t\t<div class=\"elementor-divider\">\n\t\t\t<span class=\"elementor-divider-separator\">\n\t\t\t\t\t\t<\/span>\n\t\t<\/div>\n\t\t\t\t\t\t<\/div>\n\t\t\t\t<\/div>\n\t\t<div class=\"elementor-element elementor-element-2999b8c e-con-full e-flex e-con e-child\" data-id=\"2999b8c\" data-element_type=\"container\" data-e-type=\"container\">\n\t\t\t\t<div class=\"elementor-element elementor-element-895e7b5 elementor-widget elementor-widget-heading\" data-id=\"895e7b5\" data-element_type=\"widget\" data-e-type=\"widget\" data-widget_type=\"heading.default\">\n\t\t\t\t<div class=\"elementor-widget-container\">\n\t\t\t\t\t<h1 class=\"elementor-heading-title elementor-size-default\">Productos<\/h1>\t\t\t\t<\/div>\n\t\t\t\t<\/div>\n\t\t\t\t<\/div>\n\t\t\t\t\t<\/div>\n\t\t\t\t<\/div>\n\t\t<div class=\"elementor-element elementor-element-ca41930 e-flex e-con-boxed e-con e-parent\" data-id=\"ca41930\" data-element_type=\"container\" data-e-type=\"container\">\n\t\t\t\t\t<div class=\"e-con-inner\">\n\t\t<div class=\"elementor-element elementor-element-ef08d77 e-con-full e-flex e-con e-child\" data-id=\"ef08d77\" data-element_type=\"container\" data-e-type=\"container\">\n\t\t<div class=\"elementor-element elementor-element-90ea8fc e-con-full e-flex e-con e-child\" data-id=\"90ea8fc\" data-element_type=\"container\" data-e-type=\"container\">\n\t\t\t\t<div class=\"elementor-element elementor-element-b50ef44 elementor-widget elementor-widget-image-box\" data-id=\"b50ef44\" data-element_type=\"widget\" data-e-type=\"widget\" data-widget_type=\"image-box.default\">\n\t\t\t\t<div class=\"elementor-widget-container\">\n\t\t\t\t\t<div class=\"elementor-image-box-wrapper\"><div class=\"elementor-image-box-content\"><h5 class=\"elementor-image-box-title\">Jugo concentrado de manzana convencional\u00a0y\u00a0org\u00e1nico<\/h5><p class=\"elementor-image-box-description\">El jugo concentrado de manzana, se elabora con manzanas maduras convirti\u00e9ndolo en un l\u00edquido transparente de color marr\u00f3n dorado producido a 70 \u00b0 Brix, sin agregado de colorantes ni saborizantes. Este producto se utiliza como ingrediente base en bebidas a base de jugos, como edulcorante natural en diversos alimentos y tambi\u00e9n se fermenta para la producci\u00f3n de sidras.<\/p><\/div><\/div>\t\t\t\t<\/div>\n\t\t\t\t<\/div>\n\t\t\t\t<\/div>\n\t\t<div class=\"elementor-element elementor-element-560a1bc e-con-full e-flex e-con e-child\" data-id=\"560a1bc\" data-element_type=\"container\" data-e-type=\"container\">\n\t\t\t\t<div class=\"elementor-element elementor-element-5dba9ae elementor-widget elementor-widget-image-box\" data-id=\"5dba9ae\" data-element_type=\"widget\" data-e-type=\"widget\" data-widget_type=\"image-box.default\">\n\t\t\t\t<div class=\"elementor-widget-container\">\n\t\t\t\t\t<div class=\"elementor-image-box-wrapper\"><div class=\"elementor-image-box-content\"><h5 class=\"elementor-image-box-title\">Jugo concentrado de pera convencional y org\u00e1nico.<\/h5><p class=\"elementor-image-box-description\">El jugo concentrado de pera es elaborado a partir de peras maduras, el concentrado de 70 \u00b0 Brix resultante no contiene conservantes, reguladores de la acidez, az\u00facares, colorantes ni aromatizantes a\u00f1adidos. Este producto se usa como parte de la formulaci\u00f3n de un producto final y tambi\u00e9n se puede usar como agente edulcorante en varios productos alimenticios.<\/p><\/div><\/div>\t\t\t\t<\/div>\n\t\t\t\t<\/div>\n\t\t\t\t<\/div>\n\t\t\t\t<\/div>\n\t\t\t\t\t<\/div>\n\t\t\t\t<\/div>\n\t\t<div class=\"elementor-element elementor-element-32e46e9 e-flex e-con-boxed e-con e-parent\" data-id=\"32e46e9\" data-element_type=\"container\" data-e-type=\"container\">\n\t\t\t\t\t<div class=\"e-con-inner\">\n\t\t<div class=\"elementor-element elementor-element-b25c3c8 e-con-full e-flex e-con e-child\" data-id=\"b25c3c8\" data-element_type=\"container\" data-e-type=\"container\">\n\t\t<div class=\"elementor-element elementor-element-5324a1a e-con-full e-flex e-con e-child\" data-id=\"5324a1a\" data-element_type=\"container\" data-e-type=\"container\">\n\t\t\t\t<div class=\"elementor-element elementor-element-562d0a0 elementor-widget elementor-widget-image-box\" data-id=\"562d0a0\" data-element_type=\"widget\" data-e-type=\"widget\" data-widget_type=\"image-box.default\">\n\t\t\t\t<div class=\"elementor-widget-container\">\n\t\t\t\t\t<div class=\"elementor-image-box-wrapper\"><div class=\"elementor-image-box-content\"><h5 class=\"elementor-image-box-title\">Aroma de manzana y de pera convencional y org\u00e1nico.<\/h5><p class=\"elementor-image-box-description\">El aroma de fruta es 100% natural y se presenta como un l\u00edquido incoloro que se recupera por evaporaci\u00f3n durante la producci\u00f3n de jugo de manzana o jugo de pera. Se utiliza como aromatizante para productos alimenticios y contiene las fragancias caracter\u00edsticas de la fruta.<\/p><\/div><\/div>\t\t\t\t<\/div>\n\t\t\t\t<\/div>\n\t\t\t\t<\/div>\n\t\t<div class=\"elementor-element elementor-element-fcf8cb5 e-con-full e-flex e-con e-child\" data-id=\"fcf8cb5\" data-element_type=\"container\" data-e-type=\"container\">\n\t\t\t\t<div class=\"elementor-element elementor-element-ebc5eae elementor-widget elementor-widget-image-box\" data-id=\"ebc5eae\" data-element_type=\"widget\" data-e-type=\"widget\" data-widget_type=\"image-box.default\">\n\t\t\t\t<div class=\"elementor-widget-container\">\n\t\t\t\t\t<div class=\"elementor-image-box-wrapper\"><div class=\"elementor-image-box-content\"><h5 class=\"elementor-image-box-title\">Jugo concentrado de manzana y pera Cloudy.<\/h5><p class=\"elementor-image-box-description\">El jugo concentrado de manzana o pera Cloudy es elaborado a partir de frutas maduras, el concentrado de 70 \u00b0 Brix resultante no contiene conservantes, reguladores de la acidez, az\u00facares, colorantes ni aromatizantes a\u00f1adidos. Este producto se usa como parte de la formulaci\u00f3n de un producto final y tambi\u00e9n se puede usar como agente edulcorante en varios productos alimenticios. La presencia de part\u00edculas en suspensi\u00f3n propias de la fruta hace distinguir a este producto de los jugos clarificados est\u00e1ndar.<\/p><\/div><\/div>\t\t\t\t<\/div>\n\t\t\t\t<\/div>\n\t\t\t\t<\/div>\n\t\t\t\t<\/div>\n\t\t\t\t\t<\/div>\n\t\t\t\t<\/div>\n\t\t<div class=\"elementor-element elementor-element-3d51342 e-con-full e-flex e-con e-parent\" data-id=\"3d51342\" data-element_type=\"container\" data-e-type=\"container\">\n\t\t\t\t<div class=\"elementor-element elementor-element-ef242df elementor-widget elementor-widget-html\" data-id=\"ef242df\" data-element_type=\"widget\" data-e-type=\"widget\" data-widget_type=\"html.default\">\n\t\t\t\t<div class=\"elementor-widget-container\">\n\t\t\t\t\t<video autoplay loop muted playsinline preload=\"auto\" style=\"width:100%; max-width:800px; height:auto; object-fit:cover; display:block; border-radius:6px;\">\r\n  <source src=\"https:\/\/naturaljuice.com.ar\/njrn\/wp-content\/uploads\/2025\/07\/Productos2.mp4\" type=\"video\/mp4\">\r\n<\/video>\t\t\t\t<\/div>\n\t\t\t\t<\/div>\n\t\t\t\t<\/div>\n\t\t\t\t<\/div>\n\t\t","protected":false},"excerpt":{"rendered":"<p>Productos Jugo concentrado de manzana convencional\u00a0y\u00a0org\u00e1nico El jugo concentrado de manzana, se elabora con manzanas maduras convirti\u00e9ndolo en un l\u00edquido transparente de color marr\u00f3n dorado producido a 70 \u00b0 Brix, sin agregado de colorantes ni saborizantes. Este producto se utiliza como ingrediente base en bebidas a base de jugos, como edulcorante natural en diversos alimentos [&hellip;]<\/p>\n","protected":false},"author":1,"featured_media":0,"parent":0,"menu_order":0,"comment_status":"closed","ping_status":"closed","template":"","meta":{"site-sidebar-layout":"no-sidebar","site-content-layout":"page-builder","ast-site-content-layout":"full-width-container","site-content-style":"default","site-sidebar-style":"default","ast-global-header-display":"","ast-banner-title-visibility":"","ast-main-header-display":"","ast-hfb-above-header-display":"","ast-hfb-below-header-display":"","ast-hfb-mobile-header-display":"","site-post-title":"disabled","ast-breadcrumbs-content":"","ast-featured-img":"disabled","footer-sml-layout":"","theme-transparent-header-meta":"","adv-header-id-meta":"","stick-header-meta":"","header-above-stick-meta":"","header-main-stick-meta":"","header-below-stick-meta":"","astra-migrate-meta-layouts":"set","ast-page-background-enabled":"default","ast-page-background-meta":{"desktop":{"background-color":"","background-image":"","background-repeat":"repeat","background-position":"center center","background-size":"auto","background-attachment":"scroll","background-type":"","background-media":"","overlay-type":"","overlay-color":"","overlay-opacity":"","overlay-gradient":""},"tablet":{"background-color":"","background-image":"","background-repeat":"repeat","background-position":"center center","background-size":"auto","background-attachment":"scroll","background-type":"","background-media":"","overlay-type":"","overlay-color":"","overlay-opacity":"","overlay-gradient":""},"mobile":{"background-color":"","background-image":"","background-repeat":"repeat","background-position":"center center","background-size":"auto","background-attachment":"scroll","background-type":"","background-media":"","overlay-type":"","overlay-color":"","overlay-opacity":"","overlay-gradient":""}},"ast-content-background-meta":{"desktop":{"background-color":"var(--ast-global-color-5)","background-image":"","background-repeat":"repeat","background-position":"center center","background-size":"auto","background-attachment":"scroll","background-type":"","background-media":"","overlay-type":"","overlay-color":"","overlay-opacity":"","overlay-gradient":""},"tablet":{"background-color":"var(--ast-global-color-5)","background-image":"","background-repeat":"repeat","background-position":"center center","background-size":"auto","background-attachment":"scroll","background-type":"","background-media":"","overlay-type":"","overlay-color":"","overlay-opacity":"","overlay-gradient":""},"mobile":{"background-color":"var(--ast-global-color-5)","background-image":"","background-repeat":"repeat","background-position":"center center","background-size":"auto","background-attachment":"scroll","background-type":"","background-media":"","overlay-type":"","overlay-color":"","overlay-opacity":"","overlay-gradient":""}},"footnotes":""},"class_list":["post-1285","page","type-page","status-publish","hentry"],"_links":{"self":[{"href":"https:\/\/naturaljuice.com.ar\/njrn\/index.php?rest_route=\/wp\/v2\/pages\/1285","targetHints":{"allow":["GET"]}}],"collection":[{"href":"https:\/\/naturaljuice.com.ar\/njrn\/index.php?rest_route=\/wp\/v2\/pages"}],"about":[{"href":"https:\/\/naturaljuice.com.ar\/njrn\/index.php?rest_route=\/wp\/v2\/types\/page"}],"author":[{"embeddable":true,"href":"https:\/\/naturaljuice.com.ar\/njrn\/index.php?rest_route=\/wp\/v2\/users\/1"}],"replies":[{"embeddable":true,"href":"https:\/\/naturaljuice.com.ar\/njrn\/index.php?rest_route=%2Fwp%2Fv2%2Fcomments&post=1285"}],"version-history":[{"count":65,"href":"https:\/\/naturaljuice.com.ar\/njrn\/index.php?rest_route=\/wp\/v2\/pages\/1285\/revisions"}],"predecessor-version":[{"id":1981,"href":"https:\/\/naturaljuice.com.ar\/njrn\/index.php?rest_route=\/wp\/v2\/pages\/1285\/revisions\/1981"}],"wp:attachment":[{"href":"https:\/\/naturaljuice.com.ar\/njrn\/index.php?rest_route=%2Fwp%2Fv2%2Fmedia&parent=1285"}],"curies":[{"name":"wp","href":"https:\/\/api.w.org\/{rel}","templated":true}]}}