{"id":1416,"date":"2025-02-11T01:33:25","date_gmt":"2025-02-11T04:33:25","guid":{"rendered":"https:\/\/naturaljuice.com.ar\/njrn\/?page_id=1416"},"modified":"2025-02-11T01:39:54","modified_gmt":"2025-02-11T04:39:54","slug":"sustentabilidad","status":"publish","type":"page","link":"https:\/\/naturaljuice.com.ar\/njrn\/?page_id=1416","title":{"rendered":"SUSTENTABILIDAD"},"content":{"rendered":"\t\t<div data-elementor-type=\"wp-page\" data-elementor-id=\"1416\" class=\"elementor elementor-1416\" data-elementor-post-type=\"page\">\n\t\t\t\t<div class=\"elementor-element elementor-element-28cee32 e-flex e-con-boxed e-con e-parent\" data-id=\"28cee32\" data-element_type=\"container\" data-e-type=\"container\" data-settings=\"{&quot;background_background&quot;:&quot;classic&quot;}\">\n\t\t\t\t\t<div class=\"e-con-inner\">\n\t\t\t\t<div class=\"elementor-element elementor-element-db71c95 elementor-widget-divider--view-line elementor-widget elementor-widget-divider\" data-id=\"db71c95\" data-element_type=\"widget\" data-e-type=\"widget\" data-widget_type=\"divider.default\">\n\t\t\t\t<div class=\"elementor-widget-container\">\n\t\t\t\t\t\t\t<div class=\"elementor-divider\">\n\t\t\t<span class=\"elementor-divider-separator\">\n\t\t\t\t\t\t<\/span>\n\t\t<\/div>\n\t\t\t\t\t\t<\/div>\n\t\t\t\t<\/div>\n\t\t<div class=\"elementor-element elementor-element-2d23b5b e-con-full e-flex e-con e-child\" data-id=\"2d23b5b\" data-element_type=\"container\" data-e-type=\"container\">\n\t\t\t\t<div class=\"elementor-element elementor-element-1f0d4dd elementor-widget elementor-widget-heading\" data-id=\"1f0d4dd\" data-element_type=\"widget\" data-e-type=\"widget\" data-widget_type=\"heading.default\">\n\t\t\t\t<div class=\"elementor-widget-container\">\n\t\t\t\t\t<h1 class=\"elementor-heading-title elementor-size-default\">SUSTENTABILIDAD<\/h1>\t\t\t\t<\/div>\n\t\t\t\t<\/div>\n\t\t\t\t<\/div>\n\t\t\t\t\t<\/div>\n\t\t\t\t<\/div>\n\t\t<div class=\"elementor-element elementor-element-f443405 e-flex e-con-boxed e-con e-parent\" data-id=\"f443405\" data-element_type=\"container\" data-e-type=\"container\">\n\t\t\t\t\t<div class=\"e-con-inner\">\n\t\t<div class=\"elementor-element elementor-element-84659b8 e-con-full e-flex e-con e-child\" data-id=\"84659b8\" data-element_type=\"container\" data-e-type=\"container\">\n\t\t\t\t<div class=\"elementor-element elementor-element-05b5e6e elementor-widget elementor-widget-text-editor\" data-id=\"05b5e6e\" data-element_type=\"widget\" data-e-type=\"widget\" data-widget_type=\"text-editor.default\">\n\t\t\t\t<div class=\"elementor-widget-container\">\n\t\t\t\t\t\t\t\t\t<p>En Natural Juice S.A. entendemos a la Responsabilidad Social Empresaria como un instrumento clave en nuestra programa de Sustentabilidad y una forma de Gesti\u00f3n que se define por la relaci\u00f3n \u00e9tica y transparente de la empresa con todos los p\u00fablicos con los cuales se relaciona (empleados, proveedores, partes interesadas, etc.), y por el establecimiento de \u201cmetas empresariales\u201d compatibles con el desarrollo sustentable de la sociedad, preservando recursos ambientales y culturales para generaciones futuras, respetando la diversidad y promoviendo la reducci\u00f3n de las desigualdades sociales.<\/p><p>Estos valores y principios orientan y regulan la vida de nuestra organizaci\u00f3n, son el soporte de la Visi\u00f3n, Misi\u00f3n y los objetivos estrat\u00e9gicos de Natural Juice S.A, los cuales se hacen realidad en nuestra Cultura, en nuestra forma de ser, pensar y conducirnos.<\/p><p>Natural Juice S.A es una empresa con un amplio sentido y compromiso social, convencida de que el \u201cCorrecto hacer\u201d contribuir\u00e1 a la productividad y desarrollo de sus partes interesadas, ofreciendo productos de calidad asegurada con los m\u00e1s altos est\u00e1ndares del mercado Internacional.\u00a0 Por tal motivo, la Misi\u00f3n de Natural Juice S.A es ser una organizaci\u00f3n sostenible, pretendiendo lograr un \u201cequilibrio\u201d entre la Gesti\u00f3n Econ\u00f3mica, Social y Ambiental.<\/p><p>Natural Juice S.A se preocupa por ofrecer a sus empleados un ambiente f\u00edsico agradable y seguro, busca incentivar los cuidados de higiene y salud, y est\u00e1 abierta a sugerencias relativas a esos aspectos.<\/p><p>Natural Juice S.A valora el desarrollo profesional de sus empleados (promueve o patrocina cursos, posee un programa de entrenamiento y capacitaci\u00f3n), adem\u00e1s facilita el \u201cacceso a la informaci\u00f3n\u201d como forma de desarrollo personal y profesional, estimulando a sus empleados a actualizarse con recursos de la propia empresa.<\/p><p>La empresa se solidariza con sus empleados en las situaciones de emergencia, procurando socorrer ante situaciones de necesidad, apoyando a nuestros empleados ante problemas familiares, promover chequeos m\u00e9dicos peri\u00f3dicos, estimular la pr\u00e1ctica deportiva y promover h\u00e1bitos de trabajo saludables.<\/p><p>Natural Juice S.A se preocupa por estar siempre en contacto con la comunidad vecina (de entorno), realizando pr\u00e1cticas de gesti\u00f3n que benefician al desarrollo de la comunidad local, centralizando actividades de ayuda a sectores de:<\/p><p>Educaci\u00f3n brindando asistencia a escuelas Primarias, Secundarias y Universidad.<\/p><p>Salud: cooperando con recursos a hospitales.<\/p><p>Seguridad: cooperando con recursos a la Polic\u00eda provincial y Bomberos voluntarios<\/p><p>Natural Juice S.A cuenta con un programa de\u00a0<strong>Responsabilidad Ambiental<\/strong>, buscando reducir las agresiones al medio ambiente y promover la mejora en las condiciones ambientales. De igual modo, siguiendo los postulados sentados por el Pacto Mundial de Naciones Unidas, Natural Juice S.A adhiere y adopta los principios relativos al compromiso de las empresas con el medio ambiente<\/p><p>En este sentido, la Empresa trabaja arduamente en las medidas que apuestan a preservar el medio ambiente.<\/p><p>En el marco de los proyectos de mejora de procesos, Natural Juice S.A. ha incorporado y avanzado en la integraci\u00f3n energ\u00e9tica de sus procesos, logrando alcanzar mejoras notables y sustentables de ahorro de energ\u00edas. Los pr\u00f3ximos desaf\u00edos de crecimiento y mejoras proyectados est\u00e1n orientados a fortalecer el uso racional y eficiente de la energ\u00eda y la reducci\u00f3n de los efectos medioambientales.<\/p>\t\t\t\t\t\t\t\t<\/div>\n\t\t\t\t<\/div>\n\t\t\t\t<\/div>\n\t\t<div class=\"elementor-element elementor-element-737cb7e e-con-full e-flex e-con e-child\" data-id=\"737cb7e\" data-element_type=\"container\" data-e-type=\"container\">\n\t\t\t\t<div class=\"elementor-element elementor-element-41e96e6 elementor-widget elementor-widget-image\" data-id=\"41e96e6\" data-element_type=\"widget\" data-e-type=\"widget\" data-widget_type=\"image.default\">\n\t\t\t\t<div class=\"elementor-widget-container\">\n\t\t\t\t\t\t\t\t\t\t\t\t\t\t\t<img fetchpriority=\"high\" decoding=\"async\" width=\"935\" height=\"592\" src=\"https:\/\/naturaljuice.com.ar\/njrn\/wp-content\/uploads\/2025\/02\/ultrafiltros-limpieza-chica.jpg\" class=\"attachment-large size-large wp-image-1277\" alt=\"\" srcset=\"https:\/\/naturaljuice.com.ar\/njrn\/wp-content\/uploads\/2025\/02\/ultrafiltros-limpieza-chica.jpg 935w, https:\/\/naturaljuice.com.ar\/njrn\/wp-content\/uploads\/2025\/02\/ultrafiltros-limpieza-chica-300x190.jpg 300w, https:\/\/naturaljuice.com.ar\/njrn\/wp-content\/uploads\/2025\/02\/ultrafiltros-limpieza-chica-768x486.jpg 768w\" sizes=\"(max-width: 935px) 100vw, 935px\" \/>\t\t\t\t\t\t\t\t\t\t\t\t\t\t\t<\/div>\n\t\t\t\t<\/div>\n\t\t\t\t<div class=\"elementor-element elementor-element-aa4e518 elementor-widget elementor-widget-image\" data-id=\"aa4e518\" data-element_type=\"widget\" data-e-type=\"widget\" data-widget_type=\"image.default\">\n\t\t\t\t<div class=\"elementor-widget-container\">\n\t\t\t\t\t\t\t\t\t\t\t\t\t\t\t<img decoding=\"async\" width=\"681\" height=\"1024\" src=\"https:\/\/naturaljuice.com.ar\/njrn\/wp-content\/uploads\/2025\/02\/DSC_0088retoq-681x1024.jpg\" class=\"attachment-large size-large wp-image-1423\" alt=\"\" srcset=\"https:\/\/naturaljuice.com.ar\/njrn\/wp-content\/uploads\/2025\/02\/DSC_0088retoq-681x1024.jpg 681w, https:\/\/naturaljuice.com.ar\/njrn\/wp-content\/uploads\/2025\/02\/DSC_0088retoq-199x300.jpg 199w, https:\/\/naturaljuice.com.ar\/njrn\/wp-content\/uploads\/2025\/02\/DSC_0088retoq-768x1155.jpg 768w, https:\/\/naturaljuice.com.ar\/njrn\/wp-content\/uploads\/2025\/02\/DSC_0088retoq-1021x1536.jpg 1021w, https:\/\/naturaljuice.com.ar\/njrn\/wp-content\/uploads\/2025\/02\/DSC_0088retoq-1362x2048.jpg 1362w, https:\/\/naturaljuice.com.ar\/njrn\/wp-content\/uploads\/2025\/02\/DSC_0088retoq-scaled.jpg 1702w\" sizes=\"(max-width: 681px) 100vw, 681px\" \/>\t\t\t\t\t\t\t\t\t\t\t\t\t\t\t<\/div>\n\t\t\t\t<\/div>\n\t\t\t\t<div class=\"elementor-element elementor-element-b439170 elementor-widget elementor-widget-image\" data-id=\"b439170\" data-element_type=\"widget\" data-e-type=\"widget\" data-widget_type=\"image.default\">\n\t\t\t\t<div class=\"elementor-widget-container\">\n\t\t\t\t\t\t\t\t\t\t\t\t\t\t\t<img decoding=\"async\" width=\"400\" height=\"266\" src=\"https:\/\/naturaljuice.com.ar\/njrn\/wp-content\/uploads\/2025\/02\/DSC_0066-400x266-1.jpg\" class=\"attachment-large size-large wp-image-1412\" alt=\"\" srcset=\"https:\/\/naturaljuice.com.ar\/njrn\/wp-content\/uploads\/2025\/02\/DSC_0066-400x266-1.jpg 400w, https:\/\/naturaljuice.com.ar\/njrn\/wp-content\/uploads\/2025\/02\/DSC_0066-400x266-1-300x200.jpg 300w\" sizes=\"(max-width: 400px) 100vw, 400px\" \/>\t\t\t\t\t\t\t\t\t\t\t\t\t\t\t<\/div>\n\t\t\t\t<\/div>\n\t\t\t\t<div class=\"elementor-element elementor-element-768f5b0 elementor-widget elementor-widget-image\" data-id=\"768f5b0\" data-element_type=\"widget\" data-e-type=\"widget\" data-widget_type=\"image.default\">\n\t\t\t\t<div class=\"elementor-widget-container\">\n\t\t\t\t\t\t\t\t\t\t\t\t\t\t\t<img loading=\"lazy\" decoding=\"async\" width=\"1024\" height=\"681\" src=\"https:\/\/naturaljuice.com.ar\/njrn\/wp-content\/uploads\/2025\/02\/DSC_0068_redimensionar-1024x681.jpg\" class=\"attachment-large size-large wp-image-1426\" alt=\"\" srcset=\"https:\/\/naturaljuice.com.ar\/njrn\/wp-content\/uploads\/2025\/02\/DSC_0068_redimensionar-1024x681.jpg 1024w, https:\/\/naturaljuice.com.ar\/njrn\/wp-content\/uploads\/2025\/02\/DSC_0068_redimensionar-300x199.jpg 300w, https:\/\/naturaljuice.com.ar\/njrn\/wp-content\/uploads\/2025\/02\/DSC_0068_redimensionar-768x511.jpg 768w, https:\/\/naturaljuice.com.ar\/njrn\/wp-content\/uploads\/2025\/02\/DSC_0068_redimensionar.jpg 1504w\" sizes=\"(max-width: 1024px) 100vw, 1024px\" \/>\t\t\t\t\t\t\t\t\t\t\t\t\t\t\t<\/div>\n\t\t\t\t<\/div>\n\t\t\t\t<div class=\"elementor-element elementor-element-cc137d9 elementor-widget elementor-widget-image\" data-id=\"cc137d9\" data-element_type=\"widget\" data-e-type=\"widget\" data-widget_type=\"image.default\">\n\t\t\t\t<div class=\"elementor-widget-container\">\n\t\t\t\t\t\t\t\t\t\t\t\t\t\t\t<img loading=\"lazy\" decoding=\"async\" width=\"1024\" height=\"681\" src=\"https:\/\/naturaljuice.com.ar\/njrn\/wp-content\/uploads\/2025\/02\/planta-tratamiento-2-1-1024x681.jpg\" class=\"attachment-large size-large wp-image-1425\" alt=\"\" srcset=\"https:\/\/naturaljuice.com.ar\/njrn\/wp-content\/uploads\/2025\/02\/planta-tratamiento-2-1-1024x681.jpg 1024w, https:\/\/naturaljuice.com.ar\/njrn\/wp-content\/uploads\/2025\/02\/planta-tratamiento-2-1-300x199.jpg 300w, https:\/\/naturaljuice.com.ar\/njrn\/wp-content\/uploads\/2025\/02\/planta-tratamiento-2-1-768x511.jpg 768w, https:\/\/naturaljuice.com.ar\/njrn\/wp-content\/uploads\/2025\/02\/planta-tratamiento-2-1-1536x1021.jpg 1536w, https:\/\/naturaljuice.com.ar\/njrn\/wp-content\/uploads\/2025\/02\/planta-tratamiento-2-1-2048x1362.jpg 2048w\" sizes=\"(max-width: 1024px) 100vw, 1024px\" \/>\t\t\t\t\t\t\t\t\t\t\t\t\t\t\t<\/div>\n\t\t\t\t<\/div>\n\t\t\t\t<\/div>\n\t\t\t\t\t<\/div>\n\t\t\t\t<\/div>\n\t\t\t\t<\/div>\n\t\t","protected":false},"excerpt":{"rendered":"<p>SUSTENTABILIDAD En Natural Juice S.A. entendemos a la Responsabilidad Social Empresaria como un instrumento clave en nuestra programa de Sustentabilidad y una forma de Gesti\u00f3n que se define por la relaci\u00f3n \u00e9tica y transparente de la empresa con todos los p\u00fablicos con los cuales se relaciona (empleados, proveedores, partes interesadas, etc.), y por el establecimiento [&hellip;]<\/p>\n","protected":false},"author":1,"featured_media":0,"parent":0,"menu_order":0,"comment_status":"closed","ping_status":"closed","template":"","meta":{"site-sidebar-layout":"no-sidebar","site-content-layout":"page-builder","ast-site-content-layout":"full-width-container","site-content-style":"default","site-sidebar-style":"default","ast-global-header-display":"","ast-banner-title-visibility":"","ast-main-header-display":"","ast-hfb-above-header-display":"","ast-hfb-below-header-display":"","ast-hfb-mobile-header-display":"","site-post-title":"disabled","ast-breadcrumbs-content":"","ast-featured-img":"disabled","footer-sml-layout":"","theme-transparent-header-meta":"","adv-header-id-meta":"","stick-header-meta":"","header-above-stick-meta":"","header-main-stick-meta":"","header-below-stick-meta":"","astra-migrate-meta-layouts":"set","ast-page-background-enabled":"default","ast-page-background-meta":{"desktop":{"background-color":"","background-image":"","background-repeat":"repeat","background-position":"center center","background-size":"auto","background-attachment":"scroll","background-type":"","background-media":"","overlay-type":"","overlay-color":"","overlay-opacity":"","overlay-gradient":""},"tablet":{"background-color":"","background-image":"","background-repeat":"repeat","background-position":"center center","background-size":"auto","background-attachment":"scroll","background-type":"","background-media":"","overlay-type":"","overlay-color":"","overlay-opacity":"","overlay-gradient":""},"mobile":{"background-color":"","background-image":"","background-repeat":"repeat","background-position":"center center","background-size":"auto","background-attachment":"scroll","background-type":"","background-media":"","overlay-type":"","overlay-color":"","overlay-opacity":"","overlay-gradient":""}},"ast-content-background-meta":{"desktop":{"background-color":"var(--ast-global-color-5)","background-image":"","background-repeat":"repeat","background-position":"center center","background-size":"auto","background-attachment":"scroll","background-type":"","background-media":"","overlay-type":"","overlay-color":"","overlay-opacity":"","overlay-gradient":""},"tablet":{"background-color":"var(--ast-global-color-5)","background-image":"","background-repeat":"repeat","background-position":"center center","background-size":"auto","background-attachment":"scroll","background-type":"","background-media":"","overlay-type":"","overlay-color":"","overlay-opacity":"","overlay-gradient":""},"mobile":{"background-color":"var(--ast-global-color-5)","background-image":"","background-repeat":"repeat","background-position":"center center","background-size":"auto","background-attachment":"scroll","background-type":"","background-media":"","overlay-type":"","overlay-color":"","overlay-opacity":"","overlay-gradient":""}},"footnotes":""},"class_list":["post-1416","page","type-page","status-publish","hentry"],"_links":{"self":[{"href":"https:\/\/naturaljuice.com.ar\/njrn\/index.php?rest_route=\/wp\/v2\/pages\/1416","targetHints":{"allow":["GET"]}}],"collection":[{"href":"https:\/\/naturaljuice.com.ar\/njrn\/index.php?rest_route=\/wp\/v2\/pages"}],"about":[{"href":"https:\/\/naturaljuice.com.ar\/njrn\/index.php?rest_route=\/wp\/v2\/types\/page"}],"author":[{"embeddable":true,"href":"https:\/\/naturaljuice.com.ar\/njrn\/index.php?rest_route=\/wp\/v2\/users\/1"}],"replies":[{"embeddable":true,"href":"https:\/\/naturaljuice.com.ar\/njrn\/index.php?rest_route=%2Fwp%2Fv2%2Fcomments&post=1416"}],"version-history":[{"count":7,"href":"https:\/\/naturaljuice.com.ar\/njrn\/index.php?rest_route=\/wp\/v2\/pages\/1416\/revisions"}],"predecessor-version":[{"id":1429,"href":"https:\/\/naturaljuice.com.ar\/njrn\/index.php?rest_route=\/wp\/v2\/pages\/1416\/revisions\/1429"}],"wp:attachment":[{"href":"https:\/\/naturaljuice.com.ar\/njrn\/index.php?rest_route=%2Fwp%2Fv2%2Fmedia&parent=1416"}],"curies":[{"name":"wp","href":"https:\/\/api.w.org\/{rel}","templated":true}]}}